{"version":"1.0","provider_name":"Fascia Coll\u00e8ge","provider_url":"https:\/\/fascia.be\/fr\/","author_name":"admin","author_url":"https:\/\/fascia.be\/fr\/author\/admin\/","title":"SPP - Introduction au Coaching Perceptif : Rencontre avec Eve Berger. - Fascia Coll\u00e8ge","type":"rich","width":600,"height":338,"html":"<blockquote class=\"wp-embedded-content\" data-secret=\"yJqzIAPI1x\"><a href=\"https:\/\/fascia.be\/fr\/formation-permanente\/coaching-perceptif-rencontre-avec-eve-berger\/\">SPP &#8211; Introduction au Coaching Perceptif : Rencontre avec Eve Berger.<\/a><\/blockquote><iframe sandbox=\"allow-scripts\" security=\"restricted\" src=\"https:\/\/fascia.be\/fr\/formation-permanente\/coaching-perceptif-rencontre-avec-eve-berger\/embed\/#?secret=yJqzIAPI1x\" width=\"600\" height=\"338\" title=\"\u00ab\u00a0SPP &#8211; Introduction au Coaching Perceptif : Rencontre avec Eve Berger.\u00a0\u00bb &#8212; Fascia Coll\u00e8ge\" data-secret=\"yJqzIAPI1x\" frameborder=\"0\" marginwidth=\"0\" marginheight=\"0\" scrolling=\"no\" class=\"wp-embedded-content\"><\/iframe><script type=\"text\/javascript\">\n\/* <![CDATA[ *\/\n\/*! This file is auto-generated *\/\n!function(d,l){\"use strict\";l.querySelector&&d.addEventListener&&\"undefined\"!=typeof URL&&(d.wp=d.wp||{},d.wp.receiveEmbedMessage||(d.wp.receiveEmbedMessage=function(e){var t=e.data;if((t||t.secret||t.message||t.value)&&!\/[^a-zA-Z0-9]\/.test(t.secret)){for(var s,r,n,a=l.querySelectorAll('iframe[data-secret=\"'+t.secret+'\"]'),o=l.querySelectorAll('blockquote[data-secret=\"'+t.secret+'\"]'),c=new RegExp(\"^https?:$\",\"i\"),i=0;i<o.length;i++)o[i].style.display=\"none\";for(i=0;i<a.length;i++)s=a[i],e.source===s.contentWindow&&(s.removeAttribute(\"style\"),\"height\"===t.message?(1e3<(r=parseInt(t.value,10))?r=1e3:~~r<200&&(r=200),s.height=r):\"link\"===t.message&&(r=new URL(s.getAttribute(\"src\")),n=new URL(t.value),c.test(n.protocol))&&n.host===r.host&&l.activeElement===s&&(d.top.location.href=t.value))}},d.addEventListener(\"message\",d.wp.receiveEmbedMessage,!1),l.addEventListener(\"DOMContentLoaded\",function(){for(var e,t,s=l.querySelectorAll(\"iframe.wp-embedded-content\"),r=0;r<s.length;r++)(t=(e=s[r]).getAttribute(\"data-secret\"))||(t=Math.random().toString(36).substring(2,12),e.src+=\"#?secret=\"+t,e.setAttribute(\"data-secret\",t)),e.contentWindow.postMessage({message:\"ready\",secret:t},\"*\")},!1)))}(window,document);\n\/\/# sourceURL=https:\/\/fascia.be\/wp-includes\/js\/wp-embed.min.js\n\/* ]]> *\/\n<\/script>\n","thumbnail_url":"https:\/\/fascia.be\/wp-content\/uploads\/2020\/12\/omzetten-tot-actie.jpg","thumbnail_width":500,"thumbnail_height":380,"description":"Rencontre avec Eve Berger-Grosjean:\u00a0(PV2021_09) Introduction au Coaching Perceptif :\u00a0Accompagner les personnes dans la r\u00e9ussite de leurs projets. &nbsp; Gr\u00e2ce \u00e0 vos talents, vos patients vivent un enrichissement perceptif et cognitif souvent intense. Beaucoup d\u2019entre eux se demandent ensuite comment prolonger ces transformations int\u00e9rieures dans leur vie, comment incarner leur \u00ab moi renouvel\u00e9 \u00bb dans de [&hellip;]"}

Fascia Collège

SPP - Introduction au Coaching Perceptif : Rencontre avec Eve Berger. - Fascia Collège

<blockquote class="wp-embedded-content" data-secret="yJqzIAPI1x"><a href="https://fascia.be/fr/formation-permanente/coaching-perceptif-rencontre-avec-eve-berger/">SPP &#8211; Introduction au Coaching Perceptif : Rencontre avec Eve Berger.</a></blockquote><iframe sandbox="allow-scripts" security="restricted" src="https://fascia.be/fr/formation-permanente/coaching-perceptif-rencontre-avec-eve-berger/embed/#?secret=yJqzIAPI1x" width="600" height="338" title="« SPP &#8211; Introduction au Coaching Perceptif : Rencontre avec Eve Berger. » &#8212; Fascia Collège" data-secret="yJqzIAPI1x" frameborder="0" marginwidth="0" marginheight="0" scrolling="no" class="wp-embedded-content"></iframe><script type="text/javascript">
/* <![CDATA[ */
/*! This file is auto-generated */
!function(d,l){"use strict";l.querySelector&&d.addEventListener&&"undefined"!=typeof URL&&(d.wp=d.wp||{},d.wp.receiveEmbedMessage||(d.wp.receiveEmbedMessage=function(e){var t=e.data;if((t||t.secret||t.message||t.value)&&!/[^a-zA-Z0-9]/.test(t.secret)){for(var s,r,n,a=l.querySelectorAll('iframe[data-secret="'+t.secret+'"]'),o=l.querySelectorAll('blockquote[data-secret="'+t.secret+'"]'),c=new RegExp("^https?:$","i"),i=0;i<o.length;i++)o[i].style.display="none";for(i=0;i<a.length;i++)s=a[i],e.source===s.contentWindow&&(s.removeAttribute("style"),"height"===t.message?(1e3<(r=parseInt(t.value,10))?r=1e3:~~r<200&&(r=200),s.height=r):"link"===t.message&&(r=new URL(s.getAttribute("src")),n=new URL(t.value),c.test(n.protocol))&&n.host===r.host&&l.activeElement===s&&(d.top.location.href=t.value))}},d.addEventListener("message",d.wp.receiveEmbedMessage,!1),l.addEventListener("DOMContentLoaded",function(){for(var e,t,s=l.querySelectorAll("iframe.wp-embedded-content"),r=0;r<s.length;r++)(t=(e=s[r]).getAttribute("data-secret"))||(t=Math.random().toString(36).substring(2,12),e.src+="#?secret="+t,e.setAttribute("data-secret",t)),e.contentWindow.postMessage({message:"ready",secret:t},"*")},!1)))}(window,document);
//# sourceURL=https://fascia.be/wp-includes/js/wp-embed.min.js
/* ]]> */
</script>

Rencontre avec Eve Berger-Grosjean: (PV2021_09) Introduction au Coaching Perceptif : Accompagner les personnes dans la réussite de leurs projets. &nbsp; Grâce à vos talents, vos patients vivent un enrichissement perceptif et cognitif souvent intense. Beaucoup d’entre eux se demandent ensuite comment prolonger ces transformations intérieures dans leur vie, comment incarner leur « moi renouvelé » dans de [&hellip;]
